{"id":224,"date":"2019-07-02T14:29:48","date_gmt":"2019-07-02T12:29:48","guid":{"rendered":"http:\/\/www.juntspertorrelavit.cat\/?page_id=224"},"modified":"2023-05-18T16:08:54","modified_gmt":"2023-05-18T14:08:54","slug":"qui-som","status":"publish","type":"page","link":"https:\/\/www.juntspertorrelavit.cat\/index.php\/qui-som\/","title":{"rendered":"Qui som?"},"content":{"rendered":"<div class=\"wp-block-image\">\n<figure class=\"aligncenter size-large is-resized\"><img loading=\"lazy\" decoding=\"async\" src=\"http:\/\/www.juntspertorrelavit.cat\/wp-content\/uploads\/2023\/05\/Grup-1024x833.jpg\" alt=\"\" class=\"wp-image-547\" width=\"456\" height=\"371\" srcset=\"https:\/\/www.juntspertorrelavit.cat\/wp-content\/uploads\/2023\/05\/Grup-1024x833.jpg 1024w, https:\/\/www.juntspertorrelavit.cat\/wp-content\/uploads\/2023\/05\/Grup-300x244.jpg 300w, https:\/\/www.juntspertorrelavit.cat\/wp-content\/uploads\/2023\/05\/Grup-768x625.jpg 768w, https:\/\/www.juntspertorrelavit.cat\/wp-content\/uploads\/2023\/05\/Grup-1536x1250.jpg 1536w, https:\/\/www.juntspertorrelavit.cat\/wp-content\/uploads\/2023\/05\/Grup-246x200.jpg 246w, https:\/\/www.juntspertorrelavit.cat\/wp-content\/uploads\/2023\/05\/Grup.jpg 2048w\" sizes=\"auto, (max-width: 456px) 100vw, 456px\" \/><\/figure>\n<\/div>\n\n\n<p><\/p>\n\n\n\n<p>El grup de JUNTS PER TORRELAVIT est\u00e0 format per gent amb experi\u00e8ncia, refor\u00e7ada amb noves incorporacions, fent una candidatura de representativitat, pluralitat, igualtat, talent, capacitat d\u2019escoltar, capacitat de treball, il\u00b7lusi\u00f3, comprom\u00eds&#8230;<\/p>\n\n\n\n<p>Tenim un projecte obert, transversal i de\nprogr\u00e9s.<\/p>\n\n\n\n<p>Amb moltes ganes de treballar pel nostre\npoble, amb la vostra complicitat.<\/p>\n\n\n\n<p>Volem continuar fent de Torrelavit;<\/p>\n\n\n\n<p>un poble amb igualtat d\u2019oportunitats<\/p>\n\n\n\n<p>un lloc on poder perseguir els nostres somnis<\/p>\n\n\n\n<p>un lloc on poder caminar amb seguretat cap al futur que volem, per nosaltres, pels nostres fills i pel nostre pa\u00eds<\/p>\n\n\n\n<p>Un poble per tothom <\/p>\n\n\n\n<p>Un poble per tu! <\/p>\n\n\n\n<h3 class=\"wp-block-heading has-text-color\" style=\"color:#00c3b2\">Qui forma Junts per Torrelavit?<\/h3>\n\n\n\n<ul class=\"wp-block-list\">\n<li><a href=\"https:\/\/www.juntspertorrelavit.cat\/index.php\/2023\/05\/15\/il-lusio-compromis-i-estima-per-torrelavit\/\" target=\"_blank\" rel=\"noreferrer noopener\">Ramon Riera Bruch<\/a><\/li>\n\n\n\n<li><a href=\"https:\/\/www.juntspertorrelavit.cat\/index.php\/2023\/05\/15\/compromis-descoltar-i-donar-resposta\/\" target=\"_blank\" rel=\"noreferrer noopener\">J\u00falia G\u00f3mez Martinez<\/a><\/li>\n\n\n\n<li><a href=\"https:\/\/www.juntspertorrelavit.cat\/index.php\/2023\/05\/15\/treballar-per-tots-i-cadascun-dels-nostres-veins-i-veines\/\" target=\"_blank\" rel=\"noreferrer noopener\">Neil Stocks<\/a><\/li>\n\n\n\n<li><a href=\"https:\/\/www.juntspertorrelavit.cat\/index.php\/2023\/05\/15\/torrelavit-un-referent-a-la-comarca\/\" target=\"_blank\" rel=\"noreferrer noopener\">Meritxell Climent Borgo\u00f1oz<\/a><\/li>\n\n\n\n<li><a href=\"https:\/\/www.juntspertorrelavit.cat\/index.php\/2023\/05\/15\/compromis-mediambiental\/\" target=\"_blank\" rel=\"noreferrer noopener\">V\u00edctor Climent Albert<\/a><\/li>\n\n\n\n<li><a href=\"https:\/\/www.juntspertorrelavit.cat\/index.php\/2023\/05\/15\/un-govern-fort-i-amb-gent-compromesa\/\" target=\"_blank\" rel=\"noreferrer noopener\">Jaume Dom\u00e8nech Vallesp\u00ed<\/a><\/li>\n\n\n\n<li><a href=\"https:\/\/www.juntspertorrelavit.cat\/index.php\/2023\/05\/15\/treballar-per-un-torrelavit-millor\/\" target=\"_blank\" rel=\"noreferrer noopener\">Alba Campos Mitjans<\/a><\/li>\n\n\n\n<li><a href=\"https:\/\/www.juntspertorrelavit.cat\/index.php\/2023\/05\/15\/per-un-torrelavit-prosper-i-de-futur\/\" target=\"_blank\" rel=\"noreferrer noopener\">Joan Segura Torn\u00e9<\/a><\/li>\n\n\n\n<li><a href=\"https:\/\/www.juntspertorrelavit.cat\/index.php\/2023\/05\/15\/la-lourdes-vol-treballar-pel-seu-poble\/\" target=\"_blank\" rel=\"noreferrer noopener\">Lourdes Escalfet Munn\u00e9<\/a><\/li>\n\n\n\n<li><a href=\"https:\/\/www.juntspertorrelavit.cat\/index.php\/2023\/05\/15\/compromis-amb-el-patrimoni-i-amb-el-projecte-de-junts-per-torrelavit\/\" target=\"_blank\" rel=\"noreferrer noopener\">Quim Bazaga Munn\u00e9<\/a><\/li>\n\n\n\n<li>Roser Fuentes Castellv\u00ed<\/li>\n\n\n\n<li><a href=\"https:\/\/www.juntspertorrelavit.cat\/index.php\/2023\/05\/15\/treball-compromisil%c2%b7lusio\/\" target=\"_blank\" rel=\"noreferrer noopener\">Jordi Rigol Domingo<\/a><\/li>\n\n\n\n<li><a href=\"https:\/\/www.juntspertorrelavit.cat\/index.php\/2023\/05\/15\/compromis-amb-la-pagesia-i-amb-la-cultura\/\" target=\"_blank\" rel=\"noreferrer noopener\">Monica Vallverd\u00fa Fern\u00e1ndez<\/a><\/li>\n\n\n\n<li>Jaume Bricull\u00e9 Codorniu<\/li>\n\n\n\n<li>Carme Miquel Farr\u00e9<\/li>\n\n\n\n<li><a href=\"https:\/\/www.juntspertorrelavit.cat\/index.php\/2023\/05\/15\/fer-sentir-la-veu-dels-joves\/\" target=\"_blank\" rel=\"noreferrer noopener\">Pedro Fern\u00e1ndez Flores<\/a><\/li>\n\n\n\n<li><a href=\"https:\/\/www.juntspertorrelavit.cat\/index.php\/2023\/05\/15\/compromis-amb-el-patrimoni-i-amb-el-projecte-de-junts-per-torrelavit\/\" target=\"_blank\" rel=\"noreferrer noopener\">Jes\u00fas Montserrat Atienza<\/a><\/li>\n\n\n\n<li><a href=\"https:\/\/www.juntspertorrelavit.cat\/index.php\/2023\/05\/15\/compromis-amb-la-pagesia-i-amb-la-cultura\/\" target=\"_blank\" rel=\"noreferrer noopener\">Joan Mabras Pujadas<\/a><\/li>\n\n\n\n<li><a href=\"https:\/\/www.juntspertorrelavit.cat\/index.php\/2023\/05\/15\/persones-i-projecte-els-grans-valors-de-junts-per-torrelavit\/\" target=\"_blank\" rel=\"noreferrer noopener\">Gemma Card\u00fas Galimany<\/a><\/li>\n<\/ul>\n","protected":false},"excerpt":{"rendered":"<p>El grup de JUNTS PER TORRELAVIT est\u00e0 format per gent amb experi\u00e8ncia, refor\u00e7ada amb noves incorporacions, fent una candidatura de representativitat, pluralitat, igualtat, talent, capacitat d\u2019escoltar, capacitat de treball, il\u00b7lusi\u00f3, comprom\u00eds&#8230; Tenim un projecte obert, transversal i de progr\u00e9s. Amb moltes ganes de treballar pel nostre poble, amb la vostra &hellip;<\/p>\n","protected":false},"author":1,"featured_media":0,"parent":0,"menu_order":0,"comment_status":"closed","ping_status":"closed","template":"","meta":{"spay_email":"","footnotes":""},"class_list":["post-224","page","type-page","status-publish","hentry"],"jetpack_sharing_enabled":true,"_links":{"self":[{"href":"https:\/\/www.juntspertorrelavit.cat\/index.php\/wp-json\/wp\/v2\/pages\/224","targetHints":{"allow":["GET"]}}],"collection":[{"href":"https:\/\/www.juntspertorrelavit.cat\/index.php\/wp-json\/wp\/v2\/pages"}],"about":[{"href":"https:\/\/www.juntspertorrelavit.cat\/index.php\/wp-json\/wp\/v2\/types\/page"}],"author":[{"embeddable":true,"href":"https:\/\/www.juntspertorrelavit.cat\/index.php\/wp-json\/wp\/v2\/users\/1"}],"replies":[{"embeddable":true,"href":"https:\/\/www.juntspertorrelavit.cat\/index.php\/wp-json\/wp\/v2\/comments?post=224"}],"version-history":[{"count":19,"href":"https:\/\/www.juntspertorrelavit.cat\/index.php\/wp-json\/wp\/v2\/pages\/224\/revisions"}],"predecessor-version":[{"id":631,"href":"https:\/\/www.juntspertorrelavit.cat\/index.php\/wp-json\/wp\/v2\/pages\/224\/revisions\/631"}],"wp:attachment":[{"href":"https:\/\/www.juntspertorrelavit.cat\/index.php\/wp-json\/wp\/v2\/media?parent=224"}],"curies":[{"name":"wp","href":"https:\/\/api.w.org\/{rel}","templated":true}]}}