{"id":60,"date":"2019-06-21T13:15:56","date_gmt":"2019-06-21T11:15:56","guid":{"rendered":"http:\/\/www.juntspertorrelavit.cat\/?page_id=60"},"modified":"2023-08-02T22:55:15","modified_gmt":"2023-08-02T20:55:15","slug":"contacte","status":"publish","type":"page","link":"https:\/\/www.juntspertorrelavit.cat\/index.php\/contacte\/","title":{"rendered":"Contacta amb nosaltres"},"content":{"rendered":"\n<p>Si ens vols fer arribar algun suggeriment, si tens qualsevol dubte, o si vols concertar una visita, pots contactar amb nosaltres mitjan\u00e7ant el seg\u00fcent formulari o b\u00e9 enviant-nos un correu electr\u00f2nic.<\/p>\n\n\n\n<div class=\"wp-block-columns has-2-columns is-layout-flex wp-container-core-columns-is-layout-9d6595d7 wp-block-columns-is-layout-flex\">\n<div class=\"wp-block-column is-layout-flow wp-block-column-is-layout-flow\">\n<h3 class=\"wp-block-heading has-text-color\" style=\"color:#00c3b2\">Formulari de contacte<\/h3>\n\n\n<div role=\"form\" class=\"wpcf7\" id=\"wpcf7-f19-o1\" lang=\"es-ES\" dir=\"ltr\">\n<div class=\"screen-reader-response\"><\/div>\n<form action=\"\/index.php\/wp-json\/wp\/v2\/pages\/60#wpcf7-f19-o1\" method=\"post\" class=\"wpcf7-form\" enctype=\"multipart\/form-data\" novalidate=\"novalidate\">\n<div style=\"display: none;\">\n<input type=\"hidden\" name=\"_wpcf7\" value=\"19\" \/>\n<input type=\"hidden\" name=\"_wpcf7_version\" value=\"5.1.7\" \/>\n<input type=\"hidden\" name=\"_wpcf7_locale\" value=\"es_ES\" \/>\n<input type=\"hidden\" name=\"_wpcf7_unit_tag\" value=\"wpcf7-f19-o1\" \/>\n<input type=\"hidden\" name=\"_wpcf7_container_post\" value=\"0\" \/>\n<\/div>\n<p><label> El teu nom (obligatori)<br \/>\n    <span class=\"wpcf7-form-control-wrap your-name\"><input type=\"text\" name=\"your-name\" value=\"\" size=\"40\" class=\"wpcf7-form-control wpcf7-text wpcf7-validates-as-required\" aria-required=\"true\" aria-invalid=\"false\" \/><\/span> <\/label><\/p>\n<p><label> El teu correu electr\u00f2nic (obligatori)<br \/>\n    <span class=\"wpcf7-form-control-wrap your-email\"><input type=\"email\" name=\"your-email\" value=\"\" size=\"40\" class=\"wpcf7-form-control wpcf7-text wpcf7-email wpcf7-validates-as-required wpcf7-validates-as-email\" aria-required=\"true\" aria-invalid=\"false\" \/><\/span> <\/label><\/p>\n<p><label> El teu tel\u00e8fon<br \/>\n    <span class=\"wpcf7-form-control-wrap Telfon\"><input type=\"tel\" name=\"Telfon\" value=\"\" size=\"40\" class=\"wpcf7-form-control wpcf7-text wpcf7-tel wpcf7-validates-as-tel\" aria-invalid=\"false\" \/><\/span> <\/label><\/p>\n<p><label> Assumpte (obligatori)<br \/>\n    <span class=\"wpcf7-form-control-wrap your-subject\"><input type=\"text\" name=\"your-subject\" value=\"\" size=\"40\" class=\"wpcf7-form-control wpcf7-text wpcf7-validates-as-required\" aria-required=\"true\" aria-invalid=\"false\" \/><\/span> <\/label><\/p>\n<p><label> El teu missatge<br \/>\n    <span class=\"wpcf7-form-control-wrap your-message\"><textarea name=\"your-message\" cols=\"40\" rows=\"10\" class=\"wpcf7-form-control wpcf7-textarea\" aria-invalid=\"false\"><\/textarea><\/span> <\/label><br \/>\n<label> Fitxers adjunts (nomes en cas de ser necessari)<br \/>\n    <span class=\"wpcf7-form-control-wrap Adjunts\"><input type=\"file\" name=\"Adjunts\" size=\"40\" class=\"wpcf7-form-control wpcf7-file\" accept=\".jpg,.jpeg,.png,.gif,.pdf,.doc,.docx,.ppt,.pptx,.odt,.avi,.ogg,.m4a,.mov,.mp3,.mp4,.mpg,.wav,.wmv\" aria-invalid=\"false\" \/><\/span> <\/label><\/p>\n<p><input type=\"submit\" value=\"Enviar\" class=\"wpcf7-form-control wpcf7-submit\" \/><\/p>\n<div class=\"wpcf7-response-output wpcf7-display-none\"><\/div><\/form><\/div>\n<\/div>\n\n\n\n<div class=\"wp-block-column is-layout-flow wp-block-column-is-layout-flow\">\n<h3 class=\"wp-block-heading has-text-color\" style=\"color:#00c3b2\">Correu electr\u00f2nic<\/h3>\n\n\n\n<figure class=\"wp-block-table\"><table><tbody><tr><td>Grup Municipal:<\/td><td><a href=\"mailto:contacte@juntspertorrelavit.cat\">contacte@juntspertorrelavit.cat<\/a><\/td><\/tr><tr><td>Ramon Riera:<\/td><td><a href=\"mailto:ramon@juntspertorrelavit.cat\">ramon@juntspertorrelavit.cat<\/a><\/td><\/tr><tr><td>J\u00falia G\u00f3mez:<\/td><td><a href=\"mailto:gemma@juntspertorrelavit.cat\">julia@juntspertorrel<\/a><\/td><\/tr><tr><td>Neil Stocks:<\/td><td><a href=\"mailto:jaume@juntspertorrelavit.cat\">neil@juntspertorrelavit.cat<\/a><\/td><\/tr><tr><td>Meritxell Climent:<\/td><td><a href=\"mailto:alba@juntspertorrelavit.cat\">meritxell@juntspertorrelavit.cat<\/a><\/td><\/tr><\/tbody><\/table><\/figure>\n<\/div>\n<\/div>\n","protected":false},"excerpt":{"rendered":"<p>Si ens vols fer arribar algun suggeriment, si tens qualsevol dubte, o si vols concertar una visita, pots contactar amb nosaltres mitjan\u00e7ant el seg\u00fcent formulari o b\u00e9 enviant-nos un correu electr\u00f2nic. Formulari de contacte Correu electr\u00f2nic Grup Municipal: contacte@juntspertorrelavit.cat Ramon Riera: ramon@juntspertorrelavit.cat J\u00falia G\u00f3mez: julia@juntspertorrel Neil Stocks: neil@juntspertorrelavit.cat Meritxell Climent: &hellip;<\/p>\n","protected":false},"author":1,"featured_media":0,"parent":0,"menu_order":0,"comment_status":"closed","ping_status":"closed","template":"","meta":{"spay_email":"","footnotes":""},"class_list":["post-60","page","type-page","status-publish","hentry"],"jetpack_sharing_enabled":true,"_links":{"self":[{"href":"https:\/\/www.juntspertorrelavit.cat\/index.php\/wp-json\/wp\/v2\/pages\/60","targetHints":{"allow":["GET"]}}],"collection":[{"href":"https:\/\/www.juntspertorrelavit.cat\/index.php\/wp-json\/wp\/v2\/pages"}],"about":[{"href":"https:\/\/www.juntspertorrelavit.cat\/index.php\/wp-json\/wp\/v2\/types\/page"}],"author":[{"embeddable":true,"href":"https:\/\/www.juntspertorrelavit.cat\/index.php\/wp-json\/wp\/v2\/users\/1"}],"replies":[{"embeddable":true,"href":"https:\/\/www.juntspertorrelavit.cat\/index.php\/wp-json\/wp\/v2\/comments?post=60"}],"version-history":[{"count":38,"href":"https:\/\/www.juntspertorrelavit.cat\/index.php\/wp-json\/wp\/v2\/pages\/60\/revisions"}],"predecessor-version":[{"id":710,"href":"https:\/\/www.juntspertorrelavit.cat\/index.php\/wp-json\/wp\/v2\/pages\/60\/revisions\/710"}],"wp:attachment":[{"href":"https:\/\/www.juntspertorrelavit.cat\/index.php\/wp-json\/wp\/v2\/media?parent=60"}],"curies":[{"name":"wp","href":"https:\/\/api.w.org\/{rel}","templated":true}]}}